be d(-5). Let u = b - 102. Let a = 139 - u. What is the units digit of a?
4
Suppose 3*p - 5*l + 10 = -3*l, -5*p - 2*l + 10 = 0. Suppose p = -2*x - 44 + 142. What is the tens digit of x?
4
Let s be (-2 - (-12)/4) + -3. Let n = s - 38. Let w = -26 - n. What is the units digit of w?
4
Let a(p) = 27*p**2 - 4*p + 24. Let t be a(-7). Suppose 0 = -66*g + 61*g + t. What is the hundreds digit of g?
2
Let k(m) = -14*m**3 + 2*m**2 + 3*m + 1. Let c be k(-2). Suppose -c = -2*v + 33. What is the units digit of v?
4
Suppose 0 = -4*n + 4*b + 652, 3*n - 489 = -2*b - 2*b. What is the tens digit of n?
6
Let b(k) = -13*k - 125. What is the tens digit of b(-15)?
7
Suppose -2*n = a + 1 - 5, 0 = 4*a + 5*n - 7. Let g be (-6)/12*0/a. Suppose 12 = z + 3*t, g*z - 5*t + 14 = z. What is the units digit of z?
9
Let d = 398 - 96. What is the units digit of d?
2
Suppose 4*y - 5*v - 8012 = 0, 2*y - 3097 - 911 = 2*v. What is the units digit of y?
8
Let s(y) = -21*y + 134. What is the tens digit of s(-8)?
0
Suppose 266 + 644 = -5*c. Let a = -104 - c. What is the units digit of a?
8
Let u(x) = -2*x**2 - 10*x - 2. Let q be u(5). Let f = q + 57. Let y = -6 - f. What is the units digit of y?
9
Suppose -10 = -5*m + 10. Let o(p) = -4*p**2 + 16*p + 3. Let n(d) = -3*d**2 + 15*d + 3. Let x(i) = m*o(i) - 5*n(i). What is the units digit of x(-9)?
5
Let z = -1278 + 2215. What is the hundreds digit of z?
9
Let t be 3 - ((-85)/(-10))/((-1)/2). Let n(s) = s**3 - 21*s**2 + 24*s + 9. What is the units digit of n(t)?
9
Let f(q) = -8*q**3 + 4*q**2 + 2*q + 7. Let u be f(-3). Let k = u + -149. What is the tens digit of k?
0
Suppose 26 = -6*d + 19*d. Let y(r) = 14*r - 3. What is the tens digit of y(d)?
2
Suppose j = -w + 3, 4*j = -2 - 2. Suppose 15 = 5*m, 0 = -w*g + 2*g + m + 7. Suppose 0 = g*f + 5*v - 170, -3*f - 5*v + 106 = 6. What is the tens digit of f?
3
Let g = 12 + 40. Let v = g - -124. What is the tens digit of v?
7
Suppose -5*q + 2*q + 24 = 0. Let c be 1 + 2 + q/4. Suppose -c*o - 10 = -35. What is the units digit of o?
5
Let r(b) = b**3 - 6*b**2 - 2. Let f be r(6). Let j be f - 1*(-14 - -1). Let g(p) = 2*p - 1. What is the units digit of g(j)?
1
Suppose -l + 4*y + 9 = 0, -2 = -5*y - 7. Suppose -l*f + 5*d = 4*d - 97, 0 = f - d - 17. What is the units digit of f?
0
Let a(f) = -4*f + 20. Let j be a(6). Let u(n) = -n**2 - 4*n. Let m be u(j). Suppose m = -7*p + 10*p - 159. What is the units digit of p?
3
Let q be ((-15)/(-10) + -2)*-6. Suppose -5*h + 3*t = -226, 3*h = -2*t - q + 150. What is the tens digit of h?
4
Suppose 3*b = u, -6*u + u + 20 = 5*b. Suppose -u*y = -4*h - 388, 0*h = 2*h - 2*y + 192. What is the tens digit of (2/(-5))/(4/h)?
1
Suppose 0*m = 3*f + 3*m - 1266, 4*f - 4*m - 1728 = 0. What is the units digit of f?
7
Suppose -198*y = -202*y + 1168. What is the hundreds digit of y?
2
Let j = 349 - 179. What is the tens digit of j?
7
Suppose 9 - 2 = -7*u. What is the hundreds digit of ((-14)/(-14))/(u/(-106))?
1
Suppose -17*f + 35232 = -230. What is the units digit of f?
6
Suppose j = s - 9, -4*j = 3*s + 3 - 2. Suppose -s*n + 585 = -0*n. What is the hundreds digit of n?
1
Suppose -15*g + 12*g + 6 = 0. Suppose -5*h + g*r + 15 = 0, -9 = -2*h - 3*r + 16. What is the tens digit of (-13)/(-2)*20/h?
2
Let v(o) = -11*o**3 + 5*o**2 - 18*o - 62. What is the units digit of v(-6)?
2
Suppose -5*c - 13 = -73. Suppose -15*q + 465 = -c*q. What is the units digit of q?
5
Suppose -5*d + n = -14250, 4*d - 14*n + 10*n = 11384. What is the tens digit of d?
5
Let u be (-4)/(-12)*-1*-327. Suppose -u = -4*q + 91. What is the tens digit of q?
5
What is the units digit of -6 + (3 - (-1542 + -7))?
6
Let l(d) = 61*d - 56. What is the units digit of l(7)?
1
Let p(o) be the first derivative of -o**3/3 + 9*o**2 - 10*o - 7. What is the tens digit of p(7)?
6
Suppose -15 = 3*p + 27. What is the units digit of ((-16)/(-56))/((-4)/p)?
1
Suppose 3*h + 47 + 16 = 0. What is the units digit of (-1288)/h - 2/6?
1
Suppose -t - 5*s + 9 = -1, -5*s + 10 = 2*t. Suppose t = 3*r + 30 - 129. What is the units digit of r?
3
Let y = -227 - -390. Let w = y + 62. What is the tens digit of w?
2
Suppose -t = 3*t. Suppose -3*k = -3*o + 54, 4*k = 2*o - t*k - 42. What is the tens digit of o?
1
Let c = 182 - -219. What is the tens digit of c?
0
Suppose -2*t = 2*y - 124, 17*y = 13*y + t + 253. What is the tens digit of y?
6
Suppose -3*g = -3*c + 18, -4*c + 0*g = 5*g + 12. Suppose 0 = -f - c, f - 12 = -2*n. Suppose -w + 35 + n = 0. What is the units digit of w?
2
Let g(h) = -20*h + 5. Let p(r) = 20*r - 5. Let m(s) = 3*g(s) + 2*p(s). Let f be m(-3). Let u = f + -15. What is the tens digit of u?
5
Suppose 2*s + 2*s - 5*w = -15, s - 3*w + 9 = 0. Let v(a) = a**2 - a + 113. What is the tens digit of v(s)?
1
Let i(l) = -140*l - 94. What is the tens digit of i(-4)?
6
Let o(n) be the second derivative of -n**5/20 - 2*n**4/3 + 3*n**3/2 + 9*n**2/2 - 5*n. What is the units digit of o(-9)?
9
Let k(n) = 4*n**3 + 4*n**2 - n + 16. What is the thousands digit of k(6)?
1
Let b(p) = -34*p - 8 + 61*p + p**2 - 29*p. Let q be b(7). Suppose -4*o = -2*x - 216, q = o + 2*x - 32. What is the units digit of o?
5
Let h(v) = 50*v - 220. What is the units digit of h(5)?
0
Suppose -2*b + 3340 = 2*m, 0 = 4*m - 3*m + 4*b - 1667. What is the units digit of m?
1
Suppose 4*q = -3*d + 3052, 4*d + 195*q - 190*q = 4070. What is the units digit of d?
0
Let f be 9 - 5/(15/6). Suppose 2*m + 12 = 6*m - 2*k, m = 3*k - f. Suppose 5*g + 2*r - 4*r - 40 = 0, 3*g = -m*r - 7. What is the units digit of g?
6
What is the tens digit of -10 - 1/(1/(-3766))?
5
Suppose -45490 - 216066 = -92*k. What is the units digit of k?
3
Suppose 0*g - 2*g + 6 = 0, 21 = 4*t - g. Suppose -536 - 1066 = -t*d. What is the units digit of d?
7
Let q be -603*(2 + (-16)/6). Suppose 4*g = 310 + q. What is the units digit of g?
8
Let l(z) = z**3 - 12*z**2 + 15*z + 6. Suppose -r = -15 + 4. What is the units digit of l(r)?
0
Suppose -2*j + 7608 = -4*w, 6*w - 11*w = -2*j + 7610. What is the thousands digit of j?
3
Let p(v) = -v**3 - 8*v**2 + v - 9. Let x be p(-9). Let q = x - 44. Suppose -3*i + 41 + q = 0. What is the tens digit of i?
2
Let o(l) = l**2 + 6*l - 5. Let s be o(-7). Suppose -6*m = s*m - 96. What is the tens digit of m?
1
Let l = -2656 + 3941. What is the thousands digit of l?
1
Let h(i) = 22*i. Suppose 4*b - 10 = -b. Let s be h(b). Suppose 0*w - s = -4*w. What is the tens digit of w?
1
Let i = -87 - 55. Let y = -33 - i. What is the hundreds digit of y?
1
Let p(z) be the third derivative of z**5/60 - 19*z**4/24 - 4*z**3 + 24*z**2. What is the tens digit of p(24)?
9
Let q be ((-4)/(-6))/((-14)/(-63)). Suppose 2*w - q*w + 4 = 0. Suppose 4*h + 2*x = 3*x + 88, -3*x = w*h - 72. What is the units digit of h?
1
Let x be (61/2)/(16/(-64)). Let d = -52 - x. Let y = d + -34. What is the tens digit of y?
3
Suppose -8*c = -4*t - 7*c + 4233, -4*c = -4*t + 4248. What is the units digit of t?
7
Suppose -5*m = -2*v + 46, -3*m + 2*v - 21 = 3*v. What is the tens digit of ((-8)/(-2))/(m/(-124))?
6
Suppose -84*b = -2*b - 85936. What is the tens digit of b?
4
Suppose f + 4*t + 609 = 3242, 0 = 2*t - 8. What is the hundreds digit of f?
6
What is the hundreds digit of -2 + 26082/35 + 20/25?
7
Let h(w) = 13*w**2 + 3*w + 2. Let a be h(3). Suppose -a = -s - 4*u, 3*s - u + 5*u - 368 = 0. What is the tens digit of s?
2
Let a = -26 - -41. Let x = 3 + a. What is the units digit of (-18)/81 - (-922)/x?
1
What is the tens digit of 44/(-33)*(-4)/((-12)/(-7569))?
6
Let z = -65 - -818. What is the tens digit of z?
5
Suppose 13164 = 8*q - 892. What is the tens digit of q?
5
Suppose 3644 = 2*u - n, -3*n = 3*u - 2919 - 2538. What is the thousands digit of u?
1
What is the tens digit of ((-13)/(-52))/(16905/8452 + -2)?
1
Suppose 0 = 6*g - 3*g - 14142. What is the hundreds digit of g?
7
Let d = 36 + -28. Suppose 4*t - d*t + 372 = 0. What is the units digit of t?
3
Let t(w) be the third derivative of -w**4/8 + 2*w**3/3 - 5*w**2. Let o be t(3). What is the tens digit of ((-19)/o)/(1/5)?
1
Let v = -127 - -181. Let s = v - 21. What is the units digit of s?
3
Let i be -9 + 90/70 - 4/14. Let b = 107 - i. What is the units digit of b?
5
Let s be -2 + 1 - 4*3. Let y = s + 109. What is the tens digit of y?
9
Suppose -3*t + 3*r - 8*r = -456, -2*t + 303 = 3*r.